vert -1032 (base 4) to base 5.
-303
8c (base 13) to base 6
312
Convert 6 (base 14) to base 4.
12
cc (base 16) to base 14
108
Convert -2 (base 9) to base 12.
-2
What is 6 (base 14) in base 3?
20
-24 (base 14) to base 13
-26
What is 21 (base 3) in base 7?
10
What is -3 (base 15) in base 2?
-11
Convert 81 (base 10) to base 11.
74
Convert 10b (base 14) to base 5.
1312
Convert -9 (base 16) to base 7.
-12
Convert 6 (base 10) to base 3.
20
Convert -3 (base 9) to base 8.
-3
Convert 17 (base 11) to base 13.
15
What is 40 (base 5) in base 10?
20
What is -11 (base 3) in base 8?
-4
Convert 117 (base 13) to base 8.
275
-60 (base 10) to base 12
-50
-1 (base 5) to base 14
-1
-12 (base 3) to base 10
-5
Convert 11 (base 6) to base 11.
7
-1 (base 3) to base 11
-1
Convert 25 (base 13) to base 2.
11111
Convert 69 (base 10) to base 16.
45
Convert -1c (base 14) to base 13.
-20
13 (base 15) to base 4
102
Convert -4 (base 9) to base 3.
-11
-11 (base 6) to base 13
-7
-11 (base 9) to base 10
-10
What is -32 (base 8) in base 12?
-22
Convert -19 (base 14) to base 13.
-1a
Convert 7 (base 14) to base 15.
7
-312 (base 7) to base 16
-9c
What is 8d (base 15) in base 11?
111
Convert -2000 (base 4) to base 6.
-332
What is -100000111 (base 2) in base 15?
-128
19 (base 15) to base 2
11000
What is 1000010 (base 2) in base 10?
66
16 (base 8) to base 11
13
What is -1 (base 2) in base 12?
-1
What is -121 (base 4) in base 12?
-21
What is -3 (base 7) in base 11?
-3
-4 (base 12) to base 9
-4
2 (base 3) to base 15
2
What is -2 (base 7) in base 11?
-2
What is 4 (base 6) in base 16?
4
-2 (base 14) to base 10
-2
-4a (base 13) to base 10
-62
Convert -1e (base 16) to base 14.
-22
-3 (base 7) to base 9
-3
-2 (base 13) to base 12
-2
143 (base 7) to base 8
120
What is 0 (base 11) in base 7?
0
What is -20 (base 5) in base 16?
-a
What is 5 (base 8) in base 10?
5
40 (base 6) to base 14
1a
-2 (base 12) to base 9
-2
-10 (base 6) to base 8
-6
-1 (base 14) to base 4
-1
Convert -15 (base 10) to base 2.
-1111
1011110 (base 2) to base 13
73
3 (base 5) to base 10
3
What is -71 (base 16) in base 12?
-95
What is -11 (base 2) in base 16?
-3
What is -5 (base 8) in base 4?
-11
What is 7 (base 14) in base 8?
7
Convert d (base 15) to base 12.
11
Convert 14 (base 6) to base 8.
12
What is -98 (base 11) in base 15?
-72
What is -1222 (base 3) in base 2?
-110101
Convert 44 (base 15) to base 14.
48
-1341 (base 5) to base 3
-22012
Convert 3e (base 16) to base 5.
222
Convert 19 (base 10) to base 14.
15
Convert -3 (base 5) to base 6.
-3
Convert -1 (base 4) to base 10.
-1
Convert -17 (base 15) to base 9.
-24
What is -14 (base 9) in base 15?
-d
What is 300 (base 5) in base 14?
55
21101 (base 3) to base 12
147
Convert -1 (base 3) to base 2.
-1
What is 8 (base 12) in base 14?
8
-18 (base 16) to base 10
-24
-12 (base 7) to base 10
-9
What is 0 (base 2) in base 6?
0
Convert -11 (base 4) to base 12.
-5
What is 10 (base 2) in base 10?
2
What is -6 (base 14) in base 9?
-6
-37 (base 8) to base 3
-1011
What is 0 (base 5) in base 14?
0
What is -3 (base 10) in base 13?
-3
42 (base 8) to base 9
37
201 (base 8) to base 4
2001
Convert 1 (base 3) to base 13.
1
9 (base 11) to base 15
9
What is -9 (base 15) in base 13?
-9
What is 32 (base 7) in base 2?
10111
What is 14 (base 7) in base 6?
15
-b (base 15) to base 13
-b
What is -10 (base 13) in base 10?
-13
-32 (base 8) to base 12
-22
What is -50 (base 10) in base 9?
-55
Convert 10 (base 7) to base 5.
12
13 (base 6) to base 15
9
Convert 20010 (base 3) to base 4.
2211
What is -2 (base 13) in base 16?
-2
10 (base 7) to base 15
7
Convert -11021 (base 3) to base 5.
-430
What is 47 (base 8) in base 7?
54
Convert -1032 (base 4) to base 5.
-303
What is 46 (base 12) in base 4?
312
Convert 2 (base 7) to base 2.
10
-11 (base 3) to base 15
-4
What is -97 (base 10) in base 12?
-81
-d6 (base 15) to base 10
-201
What is -11 (base 9) in base 5?
-20
22 (base 3) to base 9
8
-13 (base 5) to base 7
-11
What is 10100 (base 2) in base 14?
16
Convert -32 (base 9) to base 16.
-1d
Convert -13 (base 4) to base 12.
-7
Convert -10 (base 4) to base 2.
-100
What is 11021 (base 3) in base 8?
163
Convert 20 (base 8) to base 4.
100
86 (base 16) to base 5
1014
Convert -8 (base 15) to base 2.
-1000
What is -1c (base 14) in base 13?
-20
What is -4 (base 11) in base 3?
-11
Convert 19 (base 10) to base 8.
23
What is 112 (base 5) in base 11?
2a
-86 (base 12) to base 9
-123
Convert -6 (base 9) to base 11.
-6
-85 (base 16) to base 10
-133
What is -20 (base 10) in base 5?
-40
What is 0 (base 12) in base 14?
0
What is -a (base 12) in base 8?
-12
8 (base 16) to base 10
8
Convert 0 (base 2) to base 13.
0
What is 4 (base 16) in base 15?
4
65 (base 13) to base 15
58
61 (base 10) to base 11
56
What is -1020 (base 3) in base 9?
-36
What is 3 (base 15) in base 10?
3
0 (base 11) to base 15
0
Convert -305 (base 6) to base 9.
-135
What is -101 (base 2) in base 10?
-5
37 (base 8) to base 7
43
0 (base 7) to base 10
0
-10 (base 9) to base 5
-14
What is -261 (base 10) in base 5?
-2021
Convert -22 (base 8) to base 13.
-15
323 (base 5) to base 2
1011000
Convert 58 (base 9) to base 2.
110101
What is 1 (base 16) in base 14?
1
3 (base 8) to base 3
10
What is 2 (base 10) in base 7?
2
What is 3a (base 14) in base 9?
57
Convert 1 (base 14) to base 12.
1
What is 1 (base 12) in base 14?
1
What is -311 (base 10) in base 14?
-183
Convert -14 (base 13) to base 14.
-13
Convert -202 (base 3) to base 15.
-15
Convert 9 (base 15) to base 2.
1001
What is -20 (base 3) in base 9?
-6
100000 (base 2) to base 6
52
What is -1 (base 9) in base 10?
-1
What is -1 (base 6) in base 11?
-1
-2 (base 8) to base 6
-2
-29 (base 12) to base 9
-36
Convert 1 (base 11) to base 13.
1
Convert 11 (base 13) to base 4.
32
-3 (base 5) to base 4
-3
What is -3e (base 16) in base 3?
-2022
Convert 2 (base 5) to base 12.
2
Convert -bf (base 16) to base 12.
-13b
-54 (base 13) to base 14
-4d
What is 3 (base 8) in base 3?
10
What is 3 (base 7) in base 2?
11
What is 121 (base 3) in base 5?
31
6 (base 11) to base 14
6
Convert 415 (base 8) to base 7.
533
Convert 2 (base 6) to base 4.
2
What is 8 (base 12) in base 13?
8
Convert -3 (base 15) to base 14.
-3
-8 (base 9) to base 11
-8
What is 16 (base 15) in base 11?
1a
Convert 16 (base 9) to base 5.
30
Convert 102 (base 4) to base 15.
13
d (base 15) to base 6
21
What is 0 (base 11) in base 2?
0
What is 8 (base 12) in base 14?
8
Convert -96 (base 12) to base 3.
-11020
-1d (base 15) to base 16
-1c
Convert 1 (base 16) to base 14.
1
What is c (base 13) in base 6?
20
Convert -111 (base 2) to base 3.
-21
Convert -1 (base 9) to base 7.
-1
Convert -3 (base 13) to base 15.
-3
What is -110 (base 2) in base 10?
-6
0 (base 11) to base 9
0
Convert 37 (base 11) to base 15.
2a
-11 (base 2) to base 3
-10
-3 (base 13) to base 7
-3
What is -10111 (base 2) in base 12?
-1b
56 (base 9) to base 10
51
-210 (base 4) to base 9
-40
What is 191 (base 14) in base 3?
102222
Convert -1 (base 7) to base 16.
-1
102 (base 3) to base 7
14
Convert -14 (base 8) to base 16.
-c
What is -13 (base 7) in base 9?
-11
10 (base 7) to base 8
7
Convert -82 (base 16) to base 10.
-130
What is 25a (base 11) in base 12?
217
-32 (base 7) to base 5
-43
What is 84 (base 14) in base 10?
116
Convert 6 (base 16) to base 10.
6
What is 1000 (base 2) in base 8?
10
What is -45 (base 6) in base 12?
-25
Convert 74 (base 14) to base 16.
66
Convert -11 (base 14) to base 16.
-f
Convert -41 (base 8) to base 7.
-45
Convert -a2 (base 13) to base 9.
-156
Convert -15 (base 11) to base 3.
-121
What is 11 (base 4) in base 14?
5
0 (base 7) to base 16
0
What is 1 (base 6) in base 15?
1
Convert 2a (base 16) to base 8.
52
What is -22 (base 9) in base 4?
-110
What is -8 (base 9) in base 12?
-8
-1d (base 14) to base 16
-1b
15 (base 11) to base 14
12
134 (base 14) to base 15
112
What is -2 (base 16) in base 9?
-2
-1 (base 10) to base 14
-1
Convert -10 (base 14) to base 13.
-11
What is -136 (base 7) in base 16?
-4c
33 (base 10) to base 4
201
What is 2 (base 16) in base 7?
2
Convert -157 (base 8) to base 14.
-7d
-12 (base 16) to base 15
-13
6 (base 13) to base 2
110
-13 (base 14) to base 5
-32
20101 (base 3) to base 2
10101100
What is -452 (base 8) in base 13?
-19c
-1 (base 5) to base 2
-1
Convert 37 (base 14) to base 10.
49
What 